 = 39 - 13. Calculate the remainder when p is divided by 7.
5
Let t = -20 - -58. Suppose 3*c = -5*n + t, -2*n - 7 = 3. Calculate the remainder when 39 is divided by c.
18
Suppose 0 = -2*j + 35 - 3. What is the remainder when 63 is divided by j?
15
Let a(b) = -b**2 + 7*b - 1. What is the remainder when 32 is divided by a(4)?
10
Suppose 0 = -2*n + 7 + 1. What is the remainder when 11 is divided by n?
3
Let g = 0 - -12. Let a be 24/14 - 4/(-14). Suppose a*z - 5*s = 110, -z = 3*z - 3*s - 192. What is the remainder when z is divided by g?
9
Let q be (-1 - (-10)/3)*-3. Let k = q + 10. What is the remainder when 1 is divided by (-1)/k + (-4)/(-3)?
0
Suppose 3*w - 14 = -2, 2*w + 2 = -2*i. Let h = 18 + i. What is the remainder when h is divided by 7 + -1*2 + 0?
3
Let q(x) = -x**2 - 8*x + 2. Suppose -2*l - 12 = -0. What is the remainder when q(l) is divided by (-9)/(-1) + 2 + -6?
4
Suppose -3*x = d - 21, -3*d - 35 = -2*x - 3*x. Calculate the remainder when 26 is divided by x.
5
Let i = 5 + 4. What is the remainder when 33 is divided by i?
6
Let q = 103 - 93. Let y(i) = 6*i - 6. Calculate the remainder when y(4) is divided by q.
8
Let h(k) = 4*k + 36. Calculate the remainder when (-3 - (-2 - -4))*-3 is divided by h(-7).
7
Calculate the remainder when 3926/52 + (-1)/(2/(-3)) is divided by 39.
38
Suppose -4*o + 15 = 3. Suppose 2*q - o*u = u, 7 = 2*q + 3*u. Suppose 2*c + 11 = k, 4*k + k - 28 = c. Calculate the remainder when k is divided by q.
1
Suppose 3*h - 193 - 32 = 0. What is the remainder when h is divided by 19?
18
Let d = 115 + -57. What is the remainder when d is divided by 16?
10
Let q(l) = l + 32. Let r be (-312)/16*4/6. What is the remainder when q(r) is divided by 7?
5
Let p be ((-2)/(-4))/((-3)/(-108)). Let l = 32 - p. What is the remainder when l is divided by 9?
5
Suppose 0*t + t - 4 = 0. Let y = -5 + 7. Calculate the remainder when ((-1)/y)/(1/(-12)) is divided by t.
2
What is the remainder when (1/(12/(-20)))/(2/(-66)) is divided by 16?
7
Let w = 3 + 5. Let u = -2 + 23. Suppose 0 = -2*y + 25 + u. What is the remainder when y is divided by w?
7
Let l(o) = 2*o**2 - o - 5. Let h = -3 - -7. Calculate the remainder when l(h) is divided by 8.
7
Let b = -15 - -29. What is the remainder when b is divided by -2*3/(-18)*15?
4
Let t = 123 + -84. What is the remainder when t is divided by 14?
11
Let u(z) = 6*z - 2. Calculate the remainder when (-1)/2*-4 - -25 is divided by u(2).
7
Let g = 66 + -48. What is the remainder when 29 is divided by g?
11
Suppose -3*k - k = -3*u + 44, -5*u - 22 = 2*k. Let w = -5 - k. Suppose 6*f - 80 = f. Calculate the remainder when f is divided by w.
4
Suppose -99 = -4*b + 41. What is the remainder when 99 is divided by b?
29
Suppose -2*t - 21 = -9*t. Suppose -l = -4*l. Suppose l = 5*g - 5 - 5. What is the remainder when t is divided by g?
1
Let z be (-2)/8 - 1265/(-20). Suppose -z - 144 = -3*q. What is the remainder when q is divided by 18?
15
Suppose 124 = 4*m - x - 4*x, 0 = -4*m + 3*x + 132. Calculate the remainder when m is divided by 10.
6
Let u(p) = -1 + 50*p - 1 + 0 + 1. Let d be u(1). Suppose 5*s - 4*l - 43 = -0*l, 5*s = 2*l + d. What is the remainder when s is divided by 6?
5
Let a(f) = 17*f - 1. Let z be a(1). Suppose z = -g + 3*g. What is the remainder when 13 is divided by g?
5
Suppose s - 36 = -2*s. Suppose -33 + s = -u - i, -2*i + 24 = u. What is the remainder when u is divided by 7?
4
Calculate the remainder when (-124)/6*(-24)/16 is divided by 11.
9
Let y = -10 + 14. Let x = 2 - y. Let d = x + 10. What is the remainder when 22 is divided by d?
6
Suppose -5*v = -2*v + 93. Suppose 4*z - 66 = 3*y + z, 0 = -3*z + 3. Let r = y - v. What is the remainder when r is divided by 6?
4
Suppose -5*r + 38 - 16 = -2*h, -2*r + 10 = -2*h. What is the remainder when r is divided by 4?
0
Let n(i) = -2*i - 2. Suppose 5*k = r - 9, 3*k - 9 = 2*r + 2*k. Calculate the remainder when 28 is divided by n(r).
8
Let w(p) = -p**3 + 4*p**2 + 2*p - 4. Calculate the remainder when 42 is divided by w(3).
9
Suppose -2*o + 31 = 3*o - 4*v, 20 = 4*o - 2*v. Let s(y) = 19*y**2 - y + 4. Let h be s(o). Suppose -3*x + 11 = -h. What is the remainder when x is divided by 21?
19
Let b = -159 + 180. Calculate the remainder when 59 is divided by b.
17
Let j(i) = -i**2 - 14*i + 3. What is the remainder when j(-13) is divided by 9?
7
Let i = 4 - 2. Suppose i*s - 10 = -3*s. Calculate the remainder when -1 + -1 + 26/s is divided by 6.
5
Let a be -3*((-76)/3 - -2). Calculate the remainder when 34 is divided by 3/9 - a/(-6).
10
Let n = 243 + -101. What is the remainder when n is divided by 12?
10
Suppose 3*l + 0*y + y = -16, -5*l - 22 = -3*y. Let t(a) = -a**3 - 5*a**2 - 2*a - 6. What is the remainder when 13 is divided by t(l)?
1
Calculate the remainder when 1*-3 - (-18 + -4) is divided by 10.
9
Let c = -3 + 2. Suppose -3*p = 2*o - 9, 5*p - 2*o = -3*o + 8. Calculate the remainder when p is divided by c/(3 - 2 - 2).
0
Let s(g) = -g**3 + 10*g**2 + 6*g - 4. Calculate the remainder when s(10) is divided by 19.
18
Let b be ((-26)/(-8))/((-2)/(-8)). Let u be -1 + 1 - b*10. Let k = -86 - u. Calculate the remainder when k is divided by 23.
21
Suppose -5 = -h - 0*h + s, -h + 4 = -2*s. Suppose 0 = 3*c - 3*x - 99, h*c - 106 = 3*c - 4*x. What is the remainder when c is divided by 12?
10
Suppose 5*q - 26 = -3*h, 0 = 3*h + 3*q - 40 + 4. Let v = 5 + h. Calculate the remainder when v is divided by 12.
10
Suppose 11 = 2*p - 15. What is the remainder when (48/30)/(2/45) is divided by p?
10
Let d(h) = -h**2 - 10*h + 13. Let c be d(-11). Suppose u = -c*u + 24. What is the remainder when 23 is divided by u?
7
Let r = 64 + -48. Calculate the remainder when 95 is divided by r.
15
Let h(v) = v**3 + 12*v**2 - 4*v - 27. What is the remainder when 54 is divided by h(-12)?
12
Calculate the remainder when ((-570)/12)/(1/(-2)) is divided by 24.
23
Let f(t) = t. Let m be f(3). Suppose -g = q + 1, g + 3*q = -m - 2. Let y = g - 0. Calculate the remainder when y is divided by 1.
0
Let g(k) = k**2 - 6*k + 5. What is the remainder when g(8) is divided by 12?
9
Let y be 5/(-4)*4*2. Let j = y + 8. Calculate the remainder when 3 is divided by 0 + j + 0 + 3.
0
Let s(b) = 5*b - 36. Suppose -2*a = -26 + 2. What is the remainder when s(14) is divided by a?
10
Suppose 5*c = -4*r + 46, 0*c - 5*c = 3*r - 42. Let v be (16/(-10))/(c/(-15)). Suppose 3*w - v*w = -53. Calculate the remainder when w is divided by 18.
17
Let k(c) = c**2 + 2*c - 15. What is the remainder when 37 is divided by k(-7)?
17
Suppose 0 = -d - 3*d - 12, 3*w + d + 15 = 0. Let v(i) = i**2 - 6*i - 9. Calculate the remainder when v(w) is divided by 11.
9
What is the remainder when ((-234)/(-10))/(5/25 - 0) is divided by 12?
9
Let x(a) = -4*a**2 - 7*a - 6. Let f(d) = -4*d + 0*d**2 + 3 - 6 - d**2 - d**2. Let w(c) = -9*f(c) + 4*x(c). Calculate the remainder when 37 is divided by w(-5).
11
Suppose -4*q + 2*j = -92, 3*q - 88 = -q + 4*j. Calculate the remainder when q is divided by 12 - (-1 + (-2 - -2)).
11
What is the remainder when 15 is divided by (22/(-4)*1)/(3/(-6))?
4
Let c(g) = 13*g**3 - g**2 + 2*g - 1. Let y = -3 + 4. What is the remainder when 24 is divided by c(y)?
11
Let o(c) be the second derivative of c**4/12 + 2*c**3/3 - 9*c**2/2 - 3*c. What is the remainder when 35 is divided by o(-7)?
11
Let i = 6 + -3. Suppose 6*h + 3*t - 54 = i*h, 4*h = 3*t + 51. Calculate the remainder when 29 is divided by h.
14
Suppose -u + 3*i = -0*i + 13, 2*i - 14 = -2*u. Calculate the remainder when 17/u*(1 - -1) is divided by (6/(-4))/((-1)/6).
8
Let o(d) = 4*d + 1. Let n be o(-1). Let w = -17 - -11. Let l = n - w. Calculate the remainder when 8 is divided by l.
2
Let m = 99 + -90. Calculate the remainder when m is divided by (-24)/3*1/(-2).
1
Suppose 0 = p + 6*k - 5*k - 40, 32 = p - 3*k. Calculate the remainder when p is divided by 28.
10
Let x(l) = -l**3 + 10*l**2 + 17*l - 15. What is the remainder when x(11) is divided by 13?
12
Let t(w) = 2*w - 9. Suppose -3 = 3*m + 18. Let z(x) = x**2 + 6*x - 3. What is the remainder when t(12) is divided by z(m)?
3
Let v = -11 + 8. Suppose -l + 4 = -0. Calculate the remainder when (7/3)/((-1)/v) is divided by l.
3
Suppose 0 = -0*o - o + 7. What is the remainder when 25 is divided by o?
4
Let b = -54 + 74. Calcula